{"id":79,"date":"2019-05-12T20:31:16","date_gmt":"2019-05-12T20:31:16","guid":{"rendered":"https:\/\/www.oltmanns-mack.de\/?page_id=79"},"modified":"2019-05-12T20:32:53","modified_gmt":"2019-05-12T20:32:53","slug":"kontakt","status":"publish","type":"page","link":"https:\/\/www.oltmanns-mack.de\/index.php\/kontakt\/","title":{"rendered":"Kontakt"},"content":{"rendered":"<div id=\"cs-content\" class=\"cs-content\"><\/div>\n","protected":false},"excerpt":{"rendered":"<p>Sie haben eine Frage oder m\u00f6chten sich ausf\u00fchrlich informieren? Dann setzen Sie sich mit mir in Verbindung! Kontaktdaten Anrede &#8211; Bitte ausw\u00e4hlen &#8211;HerrFrau Name (Pflichtfeld) E-Mail-Adresse (Pflichtfeld) Anfrage Mit der Nutzung dieses Formulars erkl\u00e4rst du dich mit der Speicherung und Verarbeitung deiner Daten durch diese Website einverstanden. Bitte lasse dieses Feld leer. Bitte lasse dieses Feld leer.<\/p>\n","protected":false},"author":1,"featured_media":0,"parent":0,"menu_order":0,"comment_status":"closed","ping_status":"closed","template":"","meta":{"jetpack_post_was_ever_published":false,"footnotes":""},"class_list":["post-79","page","type-page","status-publish","hentry","no-post-thumbnail"],"yoast_head":"<!-- This site is optimized with the Yoast SEO plugin v27.3 - https:\/\/yoast.com\/product\/yoast-seo-wordpress\/ -->\n<title>Kontakt - Frank Oltmanns-Mack<\/title>\n<meta name=\"robots\" content=\"index, follow, max-snippet:-1, max-image-preview:large, max-video-preview:-1\" \/>\n<link rel=\"canonical\" href=\"https:\/\/www.oltmanns-mack.de\/index.php\/kontakt\/\" \/>\n<meta property=\"og:locale\" content=\"de_DE\" \/>\n<meta property=\"og:type\" content=\"article\" \/>\n<meta property=\"og:title\" content=\"Kontakt - Frank Oltmanns-Mack\" \/>\n<meta property=\"og:description\" content=\"Sie haben eine Frage oder m\u00f6chten sich ausf\u00fchrlich informieren? Dann setzen Sie sich mit mir in Verbindung! Kontaktdaten Anrede &#8211; Bitte ausw\u00e4hlen &#8211;HerrFrau Name (Pflichtfeld) E-Mail-Adresse (Pflichtfeld) Anfrage Mit der Nutzung dieses Formulars erkl\u00e4rst du dich mit der Speicherung und Verarbeitung deiner Daten durch diese Website einverstanden. Bitte lasse dieses Feld leer. Bitte lasse dieses Feld leer.\" \/>\n<meta property=\"og:url\" content=\"https:\/\/www.oltmanns-mack.de\/index.php\/kontakt\/\" \/>\n<meta property=\"og:site_name\" content=\"Frank Oltmanns-Mack\" \/>\n<meta property=\"article:modified_time\" content=\"2019-05-12T20:32:53+00:00\" \/>\n<meta name=\"twitter:card\" content=\"summary_large_image\" \/>\n<script type=\"application\/ld+json\" class=\"yoast-schema-graph\">{\"@context\":\"https:\\\/\\\/schema.org\",\"@graph\":[{\"@type\":\"WebPage\",\"@id\":\"https:\\\/\\\/www.oltmanns-mack.de\\\/index.php\\\/kontakt\\\/\",\"url\":\"https:\\\/\\\/www.oltmanns-mack.de\\\/index.php\\\/kontakt\\\/\",\"name\":\"Kontakt - Frank Oltmanns-Mack\",\"isPartOf\":{\"@id\":\"https:\\\/\\\/www.oltmanns-mack.de\\\/#website\"},\"datePublished\":\"2019-05-12T20:31:16+00:00\",\"dateModified\":\"2019-05-12T20:32:53+00:00\",\"breadcrumb\":{\"@id\":\"https:\\\/\\\/www.oltmanns-mack.de\\\/index.php\\\/kontakt\\\/#breadcrumb\"},\"inLanguage\":\"de\",\"potentialAction\":[{\"@type\":\"ReadAction\",\"target\":[\"https:\\\/\\\/www.oltmanns-mack.de\\\/index.php\\\/kontakt\\\/\"]}]},{\"@type\":\"BreadcrumbList\",\"@id\":\"https:\\\/\\\/www.oltmanns-mack.de\\\/index.php\\\/kontakt\\\/#breadcrumb\",\"itemListElement\":[{\"@type\":\"ListItem\",\"position\":1,\"name\":\"Home\",\"item\":\"https:\\\/\\\/www.oltmanns-mack.de\\\/\"},{\"@type\":\"ListItem\",\"position\":2,\"name\":\"Kontakt\"}]},{\"@type\":\"WebSite\",\"@id\":\"https:\\\/\\\/www.oltmanns-mack.de\\\/#website\",\"url\":\"https:\\\/\\\/www.oltmanns-mack.de\\\/\",\"name\":\"Frank Oltmanns-Mack\",\"description\":\"IT Dienstleistungen\",\"potentialAction\":[{\"@type\":\"SearchAction\",\"target\":{\"@type\":\"EntryPoint\",\"urlTemplate\":\"https:\\\/\\\/www.oltmanns-mack.de\\\/?s={search_term_string}\"},\"query-input\":{\"@type\":\"PropertyValueSpecification\",\"valueRequired\":true,\"valueName\":\"search_term_string\"}}],\"inLanguage\":\"de\"}]}<\/script>\n<!-- \/ Yoast SEO plugin. -->","yoast_head_json":{"title":"Kontakt - Frank Oltmanns-Mack","robots":{"index":"index","follow":"follow","max-snippet":"max-snippet:-1","max-image-preview":"max-image-preview:large","max-video-preview":"max-video-preview:-1"},"canonical":"https:\/\/www.oltmanns-mack.de\/index.php\/kontakt\/","og_locale":"de_DE","og_type":"article","og_title":"Kontakt - Frank Oltmanns-Mack","og_description":"Sie haben eine Frage oder m\u00f6chten sich ausf\u00fchrlich informieren? Dann setzen Sie sich mit mir in Verbindung! Kontaktdaten Anrede &#8211; Bitte ausw\u00e4hlen &#8211;HerrFrau Name (Pflichtfeld) E-Mail-Adresse (Pflichtfeld) Anfrage Mit der Nutzung dieses Formulars erkl\u00e4rst du dich mit der Speicherung und Verarbeitung deiner Daten durch diese Website einverstanden. Bitte lasse dieses Feld leer. Bitte lasse dieses Feld leer.","og_url":"https:\/\/www.oltmanns-mack.de\/index.php\/kontakt\/","og_site_name":"Frank Oltmanns-Mack","article_modified_time":"2019-05-12T20:32:53+00:00","twitter_card":"summary_large_image","schema":{"@context":"https:\/\/schema.org","@graph":[{"@type":"WebPage","@id":"https:\/\/www.oltmanns-mack.de\/index.php\/kontakt\/","url":"https:\/\/www.oltmanns-mack.de\/index.php\/kontakt\/","name":"Kontakt - Frank Oltmanns-Mack","isPartOf":{"@id":"https:\/\/www.oltmanns-mack.de\/#website"},"datePublished":"2019-05-12T20:31:16+00:00","dateModified":"2019-05-12T20:32:53+00:00","breadcrumb":{"@id":"https:\/\/www.oltmanns-mack.de\/index.php\/kontakt\/#breadcrumb"},"inLanguage":"de","potentialAction":[{"@type":"ReadAction","target":["https:\/\/www.oltmanns-mack.de\/index.php\/kontakt\/"]}]},{"@type":"BreadcrumbList","@id":"https:\/\/www.oltmanns-mack.de\/index.php\/kontakt\/#breadcrumb","itemListElement":[{"@type":"ListItem","position":1,"name":"Home","item":"https:\/\/www.oltmanns-mack.de\/"},{"@type":"ListItem","position":2,"name":"Kontakt"}]},{"@type":"WebSite","@id":"https:\/\/www.oltmanns-mack.de\/#website","url":"https:\/\/www.oltmanns-mack.de\/","name":"Frank Oltmanns-Mack","description":"IT Dienstleistungen","potentialAction":[{"@type":"SearchAction","target":{"@type":"EntryPoint","urlTemplate":"https:\/\/www.oltmanns-mack.de\/?s={search_term_string}"},"query-input":{"@type":"PropertyValueSpecification","valueRequired":true,"valueName":"search_term_string"}}],"inLanguage":"de"}]}},"jetpack_sharing_enabled":true,"jetpack_shortlink":"https:\/\/wp.me\/P9NSrY-1h","jetpack-related-posts":[],"_links":{"self":[{"href":"https:\/\/www.oltmanns-mack.de\/index.php\/wp-json\/wp\/v2\/pages\/79","targetHints":{"allow":["GET"]}}],"collection":[{"href":"https:\/\/www.oltmanns-mack.de\/index.php\/wp-json\/wp\/v2\/pages"}],"about":[{"href":"https:\/\/www.oltmanns-mack.de\/index.php\/wp-json\/wp\/v2\/types\/page"}],"author":[{"embeddable":true,"href":"https:\/\/www.oltmanns-mack.de\/index.php\/wp-json\/wp\/v2\/users\/1"}],"replies":[{"embeddable":true,"href":"https:\/\/www.oltmanns-mack.de\/index.php\/wp-json\/wp\/v2\/comments?post=79"}],"version-history":[{"count":3,"href":"https:\/\/www.oltmanns-mack.de\/index.php\/wp-json\/wp\/v2\/pages\/79\/revisions"}],"predecessor-version":[{"id":82,"href":"https:\/\/www.oltmanns-mack.de\/index.php\/wp-json\/wp\/v2\/pages\/79\/revisions\/82"}],"wp:attachment":[{"href":"https:\/\/www.oltmanns-mack.de\/index.php\/wp-json\/wp\/v2\/media?parent=79"}],"curies":[{"name":"wp","href":"https:\/\/api.w.org\/{rel}","templated":true}]}}